et i(n) = -n - 6. Let v(w) = -w + 11. Let p be v(-10). Suppose f + 3*q = 5*f + 32, -p = 5*f + q. Give i(f).
-1
Let x(f) = -f - 1. Suppose 0 = j - 0*d + 4*d + 8, -d = -3*j + 15. Suppose 0 = -5*m - 0*w - 5*w + 10, j*m - 10 = -3*w. Determine x(m).
-5
Let c(z) = -3*z**3. Suppose 4*r + 3 = 7. Let i be c(r). Let x(a) be the third derivative of -a**6/120 - a**5/20 + a**4/12 + a**3/6 - 2*a**2. Calculate x(i).
-5
Let d(i) = 3*i**2 + 2*i - 4. Let x(w) be the first derivative of -w**4/4 + w**2/2 + w + 1. Let f(m) = -d(m) - x(m). Calculate f(4).
7
Let d(f) = 23*f**3 - 15*f**2 - 9. Let y(v) = -12*v**3 + 8*v**2 + 5. Let a(w) = -6*d(w) - 11*y(w). Let k = 8 - 9. Determine a(k).
7
Let o be 15/(-40) - 11/(-8). Let x(a) = -12*a. Determine x(o).
-12
Let p(y) = y**3 + 2*y**2 - 4*y - 3. Let f be (-12)/(-18)*6/(-4). Let r be f*-9*(-4)/12. Calculate p(r).
0
Let u(p) be the third derivative of -p**6/120 + p**5/20 + p**4/8 - p**3/3 + p**2. Let w be (2 + -4)/(-2) - -2. Determine u(w).
7
Let f(h) = -h**2 + 5*h - 5. Let j(x) = -11*x**2 - 1. Let s be j(1). Let m be -10 - s - (-1 + -1). Calculate f(m).
-1
Suppose -14 = 2*i - 3*m - m, 3 = -5*i + 2*m. Let l(o) = -5*o - i + 4 + 2*o**2 + 4*o - 4. Suppose 8 = -2*z, 2*g + 0 = 3*z + 16. Determine l(g).
5
Let f(u) = -u**2 - 3*u + 1. Let g(j) = -j**3 + 14*j**2 - 12*j - 16. Let r be g(13). Let p(b) = b - 1. Let x(h) = r*p(h) - f(h). Calculate x(0).
2
Suppose -1 + 2 = g - 5*u, -g + 10 = 4*u. Let y(a) = -g*a + 8*a + 0*a**3 - 3*a + 7*a**3. Let j be -1 - (-2 + -1 + 3). Give y(j).
-6
Let m(p) = -8*p + 1. Let l(n) = -9*n + 1. Let r(g) = -5*l(g) + 4*m(g). Calculate r(-1).
-14
Let a(z) = 5*z - 4*z + 3 - 1. Let g = 23 + -28. Calculate a(g).
-3
Suppose -5*p = -p. Let a be (-3)/(-6)*(p + 8). Let z(b) = 4 - 2*b**2 + 0*b**2 + 4*b**2 - 6*b. What is z(a)?
12
Let m(k) be the third derivative of -k**2 - 1/24*k**4 + 0*k + 0 - 11/6*k**3. Calculate m(0).
-11
Let d(m) = m**2 - 3*m - 2. Suppose 3*z = z. Suppose 4*h + 5*b = 2*b + 22, z = h + 3*b - 10. Give d(h).
2
Let r(h) = 11*h + 42. Let q(t) = -4*t - 14. Let p(m) = 8*q(m) + 3*r(m). Determine p(-7).
7
Let j(q) = -q. Let n be (0 + 3)/3 - -1. Let i(c) = 4*c - 2. Let s be i(n). Determine j(s).
-6
Let g(d) = 6*d - 5. Let c(i) = -i - 3. Let n(h) = 1. Let j(r) = c(r) + 4*n(r). Let x(p) = g(p) + 5*j(p). Determine x(-6).
-6
Let z be ((-2)/(-6))/(2/12). Let w(f) = 0*f + f + 0*f**z + 2*f**3 - f**2 - 4*f**3. Suppose 0 = -2*r + 1 - 5. What is w(r)?
10
Let x(m) = 2*m**2 + 17*m + 14. Let v(h) = -h**2 - 6*h - 5. Let f(r) = 11*v(r) + 4*x(r). Determine f(2).
-7
Let k = 9 + -6. Let r(u) = 2 - 2 + 3 - k*u. Give r(4).
-9
Let l(j) = 10*j + 1. Let k(i) = -20*i - 2. Let n(c) = -3*k(c) - 7*l(c). What is n(-1)?
9
Let k(c) = -c - 2*c + c - c - 5. Calculate k(-5).
10
Suppose 4*i - 12 = 2*i. Let k(f) = i*f + 4 - 4*f - f. Suppose d + 2*d = -15. What is k(d)?
-1
Let k(o) = o**2 - 6*o - 2. Let q be (1 + -16)*4/(-12). Give k(q).
-7
Let u(a) be the second derivative of -a**6/240 + a**5/40 - 5*a**4/12 - a. Let v(s) be the third derivative of u(s). Suppose 4*t - 12 = -0. Give v(t).
-6
Let d(j) = -8*j + 1. Let w(k) = -k**3 - 3*k**2 + 1. Let v be w(-3). What is d(v)?
-7
Let k(h) = h**2 + 4*h + 2. Let r(u) = u - 10. Let l be r(7). Let m be k(l). Let j = m + -3. Let w(y) = -y**3 - 5*y**2 - 2*y + 1. What is w(j)?
-7
Let s(t) = 3*t**3 + 12*t**2 - 11*t - 13. Let z(p) = -p**3 - 6*p**2 + 5*p + 6. Let r(x) = -2*s(x) - 5*z(x). What is r(5)?
6
Suppose q - 3*q + 14 = 0. Suppose 0 = -5*f - q + 17. Let r(a) = 4*a + 1. What is r(f)?
9
Let t(q) = 6*q**2 - 4*q**3 + 11 - 5 + 7*q + 5*q**3. Give t(-5).
-4
Let v(w) be the second derivative of 3/2*w**2 + 1/2*w**3 - 3*w + 0. What is v(-3)?
-6
Let w = 0 - 2. Let f(d) = -d + 2. What is f(w)?
4
Let u(g) be the first derivative of g**3/3 + 2*g**2 + 3*g - 40. Suppose 0*r = 2*r + 8. Calculate u(r).
3
Suppose 3*d = -5*j - 20, -6*d + 2*j = -2*d - 8. Let q(x) be the second derivative of 1/2*x**2 - x + d + 1/6*x**3. Calculate q(-3).
-2
Let u(s) = -s - 1. Let w(h) = 10. Let b(p) = -u(p) + w(p). Determine b(-5).
6
Suppose -6 = -y - 0*t + t, t + 5 = 0. Let v(x) = 2 + y + 1 - 3 + x. Let g(a) = a**3 + 1. Let q be g(1). Give v(q).
3
Let w(v) be the second derivative of -v**4/12 + 7*v**3/6 - v**2/2 + v - 3. What is w(6)?
5
Let k(d) be the first derivative of -d**3/3 + 5*d - 3. Calculate k(0).
5
Let v(q) = q**3 + 3*q**2 + 3 + 3*q**2 - 2*q - 9. Let l(j) = -j**3 + 9*j**2 - 2*j + 12. Let k be l(9). Calculate v(k).
6
Let l(d) = -d**3 + 3*d**2 + 6*d - 2. Suppose o - 9 = -5. Determine l(o).
6
Suppose 38 + 7 = -5*z. Let h be ((-1)/(-2))/(z/(-108)). Let l(o) = -o**2 + 5*o - 2. Give l(h).
-8
Suppose q = 3*q. Let v = q + -1. Let k(a) = 5*a**3 - a**2. Give k(v).
-6
Let i(p) be the third derivative of 0*p - 1/60*p**5 + 4*p**2 - 1/24*p**4 + p**3 + 0. Calculate i(0).
6
Let d(x) be the third derivative of -1/120*x**6 + 1/20*x**5 + 0*x + 3*x**2 + 0 + 1/3*x**3 - 1/24*x**4. What is d(3)?
-1
Let f(b) be the first derivative of -b**4/12 + b**3/2 + 3*b**2 + b + 3. Let n(h) be the first derivative of f(h). Calculate n(5).
-4
Suppose -4*u + 2*u + 26 = 4*b, -u + 1 = -b. Let c(n) = -n**3 + 4*n**2 + n - 1. Let m be c(4). Let f(i) = -6 + i + m + 4. Calculate f(b).
5
Suppose 4*x + 15 = 79. Suppose -8*r = -4*r - x. Let u(l) = -l + 1. What is u(r)?
-3
Let x(z) = -z**2 - 7*z - 4. Let b be x(-6). Let f(g) = -2*g + 4*g - b*g + 2*g**2. Give f(1).
2
Let o(x) be the second derivative of -x**8/6720 + x**7/504 + x**6/144 + x**5/60 - x**4/4 + 4*x. Let c(z) be the third derivative of o(z). Give c(6).
-4
Let i(v) = -4*v - 7 + v + 4*v - v**2 - 7*v. What is i(-7)?
-14
Let p(l) = l - 2. Let z(s) = s**3 - 8*s**2 - 9*s. Let o be z(9). Give p(o).
-2
Suppose -2*a + 5*a - 5 = 4*g, 3*g + 12 = 5*a. Let y(r) = 7*r - 1. Calculate y(g).
6
Let r(a) = a + 2. Let v(t) = -6*t - 14. Let f(k) = -5*r(k) - v(k). Let x(n) = n**3 - 4*n**2 - 4. Let q be x(4). What is f(q)?
0
Let i = 12 + -18. Let w(x) = x**3 + 5*x**2 - 5*x - 6. Determine w(i).
-12
Let y(q) = q - 1. Let n(w) = -6*w + 6. Let t(o) = -2*o + 2. Let j(d) = 6*n(d) - 17*t(d). Let f be j(2). What is y(f)?
-3
Let s(v) = -v**3 + 4*v**2 + 2*v. Suppose j + 4 = 5*r - 2, 0 = 2*j + 5*r + 12. Let z(q) = -3 - 2*q - 5 + 0. Let m be z(j). Give s(m).
8
Let b(d) be the third derivative of -d**5/60 + d**4/4 + d**3 - 10*d**2. What is b(7)?
-1
Let l(m) = m - 2. Let g be l(4). Let v(a) = -4*a**2 + 2*a - 4*a**g + 2*a**2 - 1 + 4*a + a**3. Calculate v(5).
4
Let d(a) = -3*a + 1. Let i(z) = 3*z + 0*z**2 + 0 + 2*z**2 + 0*z - 1. Let g be i(-3). Let w = g - 6. What is d(w)?
-5
Let b(m) be the first derivative of m**4/4 - 2*m**3 + 5*m**2/2 + 6*m + 31. Give b(5).
6
Suppose -4*s = -0*s - 16. Let g(b) = b - 3. What is g(s)?
1
Suppose 0 = -5*r + b + 12, r - 4*b + 0 = 10. Let s(n) = -2 - 2*n + r*n + n. Let y be -1*(-6)/(-4)*-2. Determine s(y).
1
Let a(f) = 6*f**2 - f + 5. Let b(n) = n**2 + n + 1. Let d(z) = -a(z) + 3*b(z). Calculate d(2).
-6
Let b(r) = r + 1. Let y be b(3). Suppose -s = 3*s + y. Let k(m) = -5*m**2 - m + 4. Let c(z) = z - 1. Let d(v) = 3*c(v) + k(v). Give d(s).
-6
Let s(c) = -7*c - 2. Let d(w) = w**2 - 3*w - 2. Let g(v) = v**3 + 5*v**2 + 3*v - 1. Let l be g(-4). Let u be d(l). Calculate s(u).
12
Let k = 6 + -10. Let i(q) be the second derivative of -q**4/24 - 2*q**3/3 - 3*q**2/2 - 4*q. Let a(u) be the first derivative of i(u). Determine a(k).
0
Let h = 7 - 5. Let y(w) = w**h - 4 + 2 - 3*w + 3. Give y(3).
1
Let n(w) = -2*w. Suppose -32 = -7*o + 5*o. Suppose -3*b = b - o. Suppose -2*d - b - 4 = -4*i, 3*i - 20 = -2*d. Determine n(d).
-8
Let x = -30 + 30. Let i(j) = 3 - 3*j - 2 + 2 + x. What is i(2)?
-3
Let j(p) = -p**3 + 2*p**2 + 4*p - 1. Let o be j(3). Let b(w) = 0*w**o + w**3 - 9 + 2 + 5*w**2. Suppose 3*i + 2*i + 25 = 0. Determine b(i).
-7
Let i(n) = n**3 + 4*n**2 - 5*n. Let v = -2 - 2. Let w be i(v). Suppose -2*m = -6*m - w, 2*m = -5*q + 5. Let k(s) = -2*s + 1. What is k(q)?
-5
Let f(x) = x**3 + 3*x**2 - 4*x - 6. Let i = 15 - 19. Calculate f(i).
-6
Let v(j) be the first derivative of -j**3/3 + 2*j**2 - 2*j + 7. What is v(6)?
-14
Let r be (3/(-9))/((-4)/24). Let p(y) = y**2 - y - 2. What is p(r)?
0
Let s(a) be the first derivative of 5*a**2/2 + a - 1. Suppose -5 = -3*u - w - 4, 10 = 4*u - 3*w. What is s(u)?
6
Let b(y) = 2*y**2 + 3*y - 3. Suppose 